 = 3*d + 5. Determine l(-8).
-19
Let a(y) = 16*y + 3. Determine a(2).
35
Let i(j) = 6*j**2 + j - 1. Give i(2).
25
Let b(v) = v**2 - 5*v. Give b(4).
-4
Let h(c) = -c**3 + 5*c**2 - 3*c - 2. What is h(7)?
-121
Let g(y) = y**3 - 6*y**2 + 6*y + 11. Give g(3).
2
Let p(u) = 6*u - 25. Give p(3).
-7
Let r(q) = -2*q**2 + 4*q - 5. Give r(0).
-5
Let g(y) = 2*y**3 - 80*y**2 + y - 18. Give g(40).
22
Let q(x) = -x**3 + 18*x**2 - 10*x - 123. Give q(17).
-4
Let h(q) = 12*q - 579. What is h(48)?
-3
Let h(k) = 3*k - 13. Determine h(0).
-13
Let b(l) = -l**2 + 13*l + 2. What is b(13)?
2
Let o(h) = h + 12. What is o(-14)?
-2
Let v(w) = 2*w**2 - 3*w - 107. Give v(8).
-3
Let u(t) = -2*t**3 - 11*t**2 + 7*t + 10. What is u(-6)?
4
Let h(s) = s + 13. Calculate h(0).
13
Let o(x) = 32*x - 143. Give o(4).
-15
Let y(j) = -j**3 + 5*j**2 + 18*j - 5. Calculate y(7).
23
Let m(l) = l + 22. What is m(-16)?
6
Let q(j) = j**3 - 10*j**2 - 11*j - 16. Determine q(11).
-16
Let p(i) = -i**3 - 2*i**2 - 5*i - 7. Calculate p(-2).
3
Let z(a) = -a**3 - 18*a**2 + 24*a + 104. Calculate z(-19).
9
Let u(g) = g**2 - 2*g - 18. Calculate u(-4).
6
Let v(a) = -a**3 + 7*a**2 - 4*a + 1. Calculate v(5).
31
Let y(i) = 2*i + 2. Calculate y(-7).
-12
Let k(h) = h**2 - 10*h - 3. Give k(8).
-19
Let f(p) = -p**2 + 5*p - 4. What is f(6)?
-10
Let v(d) = -8*d - 1. What is v(-3)?
23
Let s(k) = -k**2 + 8*k - 31. What is s(4)?
-15
Let m(l) = -7*l - 2. Determine m(7).
-51
Let z(i) = -17*i - 125. Calculate z(-7).
-6
Let l(j) = 2*j**2 - 5*j - 1. Calculate l(4).
11
Let r(m) = -m**3 + 11*m**2 + 4*m - 25. Give r(11).
19
Let w(s) = 2*s + 1. What is w(1)?
3
Let f(p) = -2*p. Calculate f(10).
-20
Let a(w) = 10*w - 3. What is a(8)?
77
Let f(p) = -2*p**3 - 6*p**2 - 6*p - 3. What is f(-2)?
1
Let r(v) = -45*v - 2. Determine r(-1).
43
Let v(u) = -7*u - 7. Give v(5).
-42
Let d(l) = -6*l - 124. Calculate d(-20).
-4
Let m(s) = s**3 + 7*s**2 + 2*s - 12. Determine m(-4).
28
Let i(t) = -t**3 + 11*t**2 + 9*t + 29. Give i(12).
-7
Let p(f) = f - 9. Give p(-11).
-20
Let c(r) = r**2 + 12*r - 27. What is c(-14)?
1
Let w(l) = -l**2 - 2*l + 202. Give w(-15).
7
Let q(o) = 3*o**2 - 13*o + 5. Determine q(4).
1
Let m(k) = 7*k**2 + 2*k + 4. Calculate m(-2).
28
Let c(l) = -4*l**2 + 121*l + 41. Determine c(31).
-52
Let d(w) = -2*w**2 + w - 4. Give d(3).
-19
Let u(x) = 47*x**2 - 3*x + 1. Give u(1).
45
Let g(k) = -k**3 + 24*k**2 + 43*k - 447. Give g(25).
3
Let o(u) = 3*u + 11. Give o(-3).
2
Let c(o) = -2*o**3 - 15*o**2 - 12*o - 14. Determine c(-7).
21
Let y(a) = 3*a**3 - 7*a**2 + 6*a + 3. Calculate y(4).
107
Let c(n) = n**3 + 4*n**2 - 10. What is c(-2)?
-2
Let t(v) = v**3 + 13*v**2 - 12*v + 18. Give t(-14).
-10
Let j(k) = 9*k - 2. Give j(1).
7
Let m(n) = n**2 - 14*n - 3. Give m(12).
-27
Let v(n) = -n**2 - 2*n - 7. Give v(-5).
-22
Let l(j) = -3*j**2 - 3*j - 1. Determine l(-4).
-37
Let u(g) = -23*g + 21. Determine u(4).
-71
Let y(n) = n**2 + 7*n + 5. Give y(-7).
5
Let o(y) = -y + 1. Give o(-2).
3
Let u(a) = 4*a - 15. Determine u(10).
25
Let w(r) = -2*r**3 - 4*r**2 - 3*r - 2. Give w(-3).
25
Let x(g) = g**3 - 19*g**2 + 36*g - 43. Calculate x(17).
-9
Let z(o) = -o**3 - 18*o**2 - 19*o - 36. Determine z(-17).
-2
Let t(q) = 12*q + 162. Determine t(-13).
6
Let b(c) = -c**3 - 4*c**2 - 5*c + 2. Calculate b(-3).
8
Let v(z) = z + 8. What is v(-4)?
4
Let n(h) = -102*h**3 - 1. Give n(1).
-103
Let o(z) = -25*z + 52. Calculate o(2).
2
Let y(x) = -x**2 - 16*x - 40. Determine y(-13).
-1
Let g(i) = -i**2 + 21*i + 230. Determine g(29).
-2
Let g(u) = -18*u**2 - 32*u + 6. Give g(-3).
-60
Let y(n) = 10*n - 28. Determine y(3).
2
Let f(u) = -2*u + 39. Give f(18).
3
Let g(o) = o**2 + 18*o + 14. Give g(-17).
-3
Let n(u) = -3*u**3 + 21*u**2 - u + 2. Determine n(7).
-5
Let u(p) = -2*p. Determine u(-1).
2
Let b(r) = -5*r + 5. Give b(-6).
35
Let x(b) = -b**3 - 5*b**2 + 4*b + 7. Calculate x(-5).
-13
Let n(a) = a**3 + 41*a**2 + 151*a + 114. Determine n(-37).
3
Let h(n) = n - 15. What is h(4)?
-11
Let o(v) = 3*v**2 + 20*v + 18. What is o(-6)?
6
Let p(h) = -h**3 + 3*h**2 + 5*h + 5. Give p(5).
-20
Let j(z) = 2*z - 3. What is j(2)?
1
Let r(v) = 20*v + 180. Give r(-10).
-20
Let o(k) = -2*k + 3. Determine o(-4).
11
Let b(p) = -p**3 - 2*p**2 - 8*p - 26. What is b(-6)?
166
Let w(t) = -t - 5. Calculate w(7).
-12
Let f(u) = u**2 - 2*u + 5. What is f(0)?
5
Let u(l) = -8*l**2. What is u(-1)?
-8
Let r(h) = h**3 - 8*h**2 - 11*h + 18. Give r(9).
0
Let h(y) = -y**3 - 3*y**2 + 10*y - 8. Calculate h(-5).
-8
Let l(g) = -5*g - 12. Calculate l(-5).
13
Let g(x) = -x**3 - 7*x**2 - x + 7. Calculate g(-7).
14
Let z(t) = -t**2 + 6*t - 3. What is z(4)?
5
Let p(x) = x**3 + 12*x**2 + 11*x + 3. Calculate p(-11).
3
Let t(s) = -s**2 + 5. Give t(-2).
1
Let i(a) = -13*a + 47. What is i(8)?
-57
Let t(j) = -j**3 + 23*j**2 + 26*j - 55. Give t(24).
-7
Let r(c) = -4*c**2 - 5*c - 6. Determine r(-4).
-50
Let z(s) = s**3 + 41*s**2 + 42*s + 79. Determine z(-40).
-1
Let a(g) = 5*g + 45. What is a(-4)?
25
Let r(t) = t**3 + 6*t**2 + t - 14. Calculate r(-6).
-20
Let z(u) = 2*u**2 + 22*u + 1. What is z(-11)?
1
Let k(a) = -a**3 + 4*a**2 + 4*a - 1. Calculate k(5).
-6
Let n(b) = 9*b**2 + 35*b - 5. What is n(-4)?
-1
Let n(f) = 4*f**3 + 3*f**2 - 3*f + 3. Calculate n(2).
41
Let c(b) = -b**2 - 20*b + 91. Determine c(4).
-5
Let x(i) = 8*i**3 + 1. What is x(-2)?
-63
Let a(h) = -h**3 - 11*h**2 - 4*h - 16. Give a(-8).
-176
Let n(x) = 237*x + 2364. Calculate n(-10).
-6
Let n(h) = -h**3 - 5*h**2 - 3*h - 3. Give n(-3).
-12
Let u(r) = -r**3 - 5*r**2 + 2*r + 13. What is u(-6)?
37
Let d(n) = n**2 + 2*n - 19. Determine d(-5).
-4
Let o(f) = 5*f - 37. Give o(7).
-2
Let a(h) = -5*h - 5. What is a(-2)?
5
Let g(t) = 15*t**2 + 7*t + 9. What is g(-1)?
17
Let f(g) = 5*g - 34. Determine f(6).
-4
Let i(b) = -b**2 + 18*b + 52. Determine i(21).
-11
Let p(w) = -5*w + 6. Calculate p(2).
-4
Let d(t) = 2*t**3 + 19*t**2 + 2*t - 25. What is d(-9)?
38
Let r(o) = -69*o. Give r(1).
-69
Let d(p) = 11*p - 50. What is d(5)?
5
Let i(k) = 13*k + 1. What is i(1)?
14
Let v(l) = -l**2 + 21*l - 69. Give v(11).
41
Let x(l) = -6*l + 41. Determine x(7).
-1
Let i(q) = -q**3 - 12*q**2 + 3*q + 15. Determine i(-12).
-21
Let q(n) = -n**3 + n**2 + 5*n + 3. Calculate q(-3).
24
Let c(i) = -i**2 + 12*i - 16. What is c(5)?
19
Let f(t) = t - 43. Determine f(0).
-43
Let a(c) = 4*c**2 - 2*c - 3. Determine a(-2).
17
Let g(f) = -f**2 + 9*f + 18. Give g(8).
26
Let x(f) = -f**2 + 3*f + 3. Give x(5).
-7
Let j(y) = -y**2 + 2*y + 12. Calculate j(5).
-3
Let i(p) = p**2 - 27*p + 88. Determine i(4).
-4
Let c(w) = -4*w - 212. Determine c(-49).
-16
Let y(w) = -w**2 + 2*w + 32. Calculate y(6).
8
Let r(n) = n + 1. Calculate r(6).
7
Let l(z) = -9*z + 89. Determine l(7).
26
Let w(i) = -i**2 + 3*i + 21. Determine w(6).
3
Let u(a) = -a**2 - a + 39. Calculate u(-9).
-33
Let d(n) = n**2 - 10*n + 10. Calculate d(9).
1
Let t(d) = d**3 - 4*d**2 - 3*d + 4. Calculate t(4).
-8
Let s(z) = -2*z**3 - 6*z**2 - 2*z - 3. Calculate s(-3).
3
Let g(i) = i - 4. Give g(7).
3
Let q(h) = 13*h + 7. Calculate q(-3).
-32
Let f(q) = q**3 + 40*q**2 + 1. What is f(-40)?
1
Let w(n) = -4*n - 53. What is w(0)?
-53
Let j(f) = -4*f - 19. Give j(-4).
-3
Let z(b) = 39*b**3 - b**2 + 4*b - 2. What is z(1)?
40
Let b(u) = -u**3 + 5*u**2 + 2*u - 12. Give b(5).
-2
Let c(h) = h**3 - 23*h**2 + 62*h - 33. What is c(20)?
7
Let l(d) = -42*d - 11. Give l(-3).
115
Let g(f) = f + 2. What is g(4)?
6
Let a(k) = 3*k**2 - 6*k + 14. Calculate a(6).
86
Let m(r) = r**2 - 11*r + 22. Give m(8).
-2
Let r(a) = a**3 + 2*a - 8. Calculate r(0).
-8
Let b(v) = -3*v**2 - 13*v + 33. Determine b(-8).
-55
Let m(k) = -k**2 - 18*k + 40. Give m(-20).
0
Let s(o) = -8*o - 179. Give s(-22).
-3
Let b(n) = -3*n**2 - n + 4. Determine b(2).
-10
Let y(q) = -39*q**2 + 192*q + 8. Calculate y(5).
-7
Let o(l) = -l**3 - 25*l**2 - 42*l + 94. What is o(-23)?
2
Let w(s) = 8*s**3 - s**2 + s + 1. What is w(2)?
63
Let c(i) = -2*i**3 - 41*i**2 - 19*i + 15. Determine c(-20).
-5
Let z(t) = t**3 + 14*t**2 + 12*t - 19. Give z(-13).
-6
Let t(c) = c**3 + 6*c**2 - c + 5. Give t(-6).
11
Let x(i) = -i**2 - 8*i + 33. What is x(-11)?
0
Let u(q) = -3*q**2 + 16*q - 8. Determine u(4).
8
Let n(a) = -22*a - 1. Determine n(-1).
21
Let r(m) = -3*m**3 - 4*m**2 + 7*m - 1. Give r(-3).
23
Let c(y) = 18*y. Calculate c(4).